 Let p(u) = 11*f(u) - 2*i(u). Let y be p(0). Suppose -n = -6*n + 10. What is the highest common factor of y and n?
1
Let g = 4311 + -4263. Calculate the greatest common divisor of g and 246.
6
Let h(d) = 14*d**2 + d**3 - 16*d - 17*d + 7 + 9. Let n be h(-16). What is the highest common divisor of n and 24?
8
Suppose -42 = -21*b + 268 - 16. What is the highest common divisor of 791 and b?
7
Let a be 5/((-3 + -2)/(-20)). Let s be 10/(-4)*a/50. Let k be ((3 + 10)/s)/(-1). Calculate the highest common factor of k and 39.
13
Suppose 4*i = 3*i + 86. Suppose -517*z - 523 = -3*q - 524*z, 3*q + 4*z = 520. What is the greatest common divisor of q and i?
86
Suppose -3*x + 102 = -3*y, -107*x = -111*x - 5*y + 190. Calculate the highest common factor of x and 480.
40
Let a be ((-2)/((-40)/(-30)))/((-3)/58). Suppose 500 = a*v - 341. What is the greatest common divisor of 1 and v?
1
Let d be (-1)/(-5) - (-1791)/45. Suppose 6*u + d = 10*u. Let g = 583 + -533. What is the highest common divisor of g and u?
10
Let u be (-25)/((-427)/28 + 15). Let c be (-3)/1*(-23 - 2). What is the highest common divisor of u and c?
25
Let f = -23 - -27. Suppose 3*i = 2*x + 45, -2*x + f*i - 19 = 23. Let z = x - -29. Calculate the highest common divisor of 14 and z.
2
Let b(i) = 987*i + 6. Let n be b(-2). Let k = n + 3422. Suppose 8*c + 574 - k = 0. Calculate the highest common divisor of 10 and c.
10
Let j be 623*(-11)/((-154)/4). Let z = -116 + j. Let s be (-2 + z/4)/((-12)/(-272)). What is the highest common factor of 34 and s?
34
Let u(p) = -64 - 37*p - 65 - 14 + 5. Let y be u(-6). What is the greatest common divisor of y and 252?
84
Let f = 2848 - 2432. Calculate the highest common divisor of f and 27248.
208
Let h be (-198)/((-23652)/1182 - -20). What is the highest common factor of 198 and h?
99
Let p be 186/(-7) - ((-276)/42 + 7). Let h be 396/p*9/(-6). Calculate the greatest common divisor of 396 and h.
22
Let t(r) = r**2 - 37*r + 205. Let l be t(32). Calculate the highest common divisor of l and 795.
15
Suppose 0 = -9*u + u + 48. Let z be 27/u*16/18*3. Let f be -3*-58*2/z. What is the greatest common divisor of f and 232?
29
Suppose -2*y + 0 = -14. Let o(w) = 19*w**3 - 2*w**2 + 3*w - 1. Let f be o(1). Let r = f - y. Calculate the greatest common factor of r and 4.
4
Let h(a) = -7*a**2 + 85*a - 43. Let z be h(6). What is the highest common divisor of 559 and z?
43
Let z = 3 - 1. Suppose 436 = z*x - 4*v, -5*x + 4*v + 0*v = -1096. Suppose -14*w = -19*w + x. Calculate the greatest common divisor of 33 and w.
11
Suppose 0 = l - 5*l + 8. Let f(s) = -5*s**2 - 92*s - 69. Let c be f(-17). What is the highest common divisor of c and l?
2
Let g = -2190 - -3037. Calculate the highest common divisor of 77 and g.
77
Suppose 215*r - 148420 = -195*r. Calculate the highest common factor of r and 7059.
181
Let a = -142 + 142. Suppose a = 5*z + 66 - 171. What is the greatest common factor of 14 and z?
7
Suppose -426*x + 2491901 - 1623788 = -2914341. Calculate the greatest common divisor of x and 13.
13
Suppose 58*z + 193*z - 502 = 0. Let i = 17 - 7. What is the highest common divisor of z and i?
2
Suppose -150 = 3*g - 8*g. Suppose 0*s + 6*s - g = 0. Suppose 4*w - 100 = -w. What is the highest common divisor of w and s?
5
Suppose -962 = -3*z + 202. Suppose 7*s + z = 9*s. Suppose l = -3*l - v + s, l = -3*v + 43. What is the greatest common factor of 7 and l?
7
Suppose 2*a + 5*w = 31 + 238, 4*w + 608 = 4*a. Calculate the greatest common factor of 3486 and a.
21
Suppose 3*x = -2*l + 135, -2*l - 28 = -4*x + 152. Suppose 0 = -2*p + 5*p - 54. Calculate the highest common divisor of p and x.
9
Let s = 33938 - 33216. What is the highest common divisor of 684 and s?
38
Suppose 27*c = 8540 + 28599 + 1957. Calculate the highest common divisor of 8 and c.
8
Suppose -12 = 16*s - 20*s. Suppose -2*y + 2*o + 434 = 0, s*y - 645 = -0*o + 5*o. Calculate the greatest common factor of 176 and y.
44
Let c(b) = 3*b**2 + 925*b - 15541. Let p be c(16). Let d be (350 - 3/(-3)) + 0. What is the greatest common divisor of p and d?
27
Let u = 9297 - 8432. What is the highest common divisor of 3287 and u?
173
Let a be ((-6)/(-5))/((-102)/(-255)). Suppose -d - s = -33, -a*d + 5*d - 72 = -4*s. What is the highest common divisor of d and 30?
30
Suppose 96 = 15*d - 3*d. Let z be (-4)/8*d + -2 + 78. Calculate the highest common divisor of 72 and z.
72
Let h be (-1328)/(-7) + 15 + (-927)/63. Let t = 55 - 36. What is the greatest common divisor of t and h?
19
Let x(t) = 175*t**2 + 183*t + 740. Let q be x(-4). What is the highest common divisor of q and 81?
27
Suppose -44*l = 47*l + 111 - 475. What is the highest common factor of l and 4954?
2
Suppose 433 + 7 = 5*b. Let s = b + 3. Suppose -5*u - 3*y - s + 725 = 0, 5*u = -4*y + 632. Calculate the greatest common divisor of 16 and u.
16
Suppose r + p - 6*p = -125, 4*r - p + 405 = 0. Let n = 47 - r. Suppose -n = -7*w + 6*w. What is the highest common factor of 21 and w?
21
Let g be ((-1)/4 - 55506/232)*(-124)/1. What is the highest common divisor of 62 and g?
62
Let t be 2 - (12 - 4) - -33. Suppose 12*j + 9450 = 26*j. What is the highest common divisor of t and j?
27
Suppose 147*b - 150*b = 0. Suppose b = 2*z + 3*z - 15. Let q be (-3 - z)/3 - 2*-7. What is the greatest common divisor of q and 60?
12
Let q(z) = -5*z**2 + 320*z + 98. Let b be q(64). Calculate the greatest common factor of b and 4802.
98
Let t = 4 + -2. Suppose -2*h - 2 = 0, k + 3*h + t*h = 6. Suppose 10*d - k*d + 75 = 0. What is the greatest common divisor of 15 and d?
15
Let z(a) = 11*a + 2. Let g be z(1). Let q(n) = n - 8. Let i be q(10). Suppose 0*m = i*m - 130. Calculate the greatest common divisor of g and m.
13
Let n = 155 + -136. Suppose 27*u - n*u - 576 = 0. Let x = 9 + -1. Calculate the highest common factor of x and u.
8
Suppose -6*s - 8 = -4*s. Let w(m) = m**2 + 3*m + 6. Let c be w(s). Suppose 3*i = 4*i - 1, -5*i - 115 = -4*k. Calculate the highest common factor of k and c.
10
Suppose s + 15*f - 16*f = 1192, -2*f = -3*s + 3574. What is the highest common divisor of 210 and s?
70
Suppose 4*v - 5*u = 91, 4*u - 155 = -4*v - 55. Let z = -669 - -1196. Let t = -467 + z. Calculate the highest common divisor of t and v.
12
Let a(q) = 4 + 3*q - 1 - 2 - 3. Let d be a(5). Let x = 359 - 216. What is the highest common factor of d and x?
13
Let k be 2/(1/((-6)/(-4))). Suppose -5*x - 170 = -3*u, 0 = k*u - 3*x - 0*x - 180. Calculate the greatest common factor of 117 and u.
13
Let p(y) = -y**2 - 91*y - 1397. Let x be p(-71). Suppose -3*f + 2*f + 69 = 0. Calculate the greatest common factor of f and x.
23
Suppose -2*b + g - 3*g + 80 = 0, 5*b + 3*g = 194. Suppose -1083*n + 43186 = -168*n - 329219. What is the greatest common factor of b and n?
37
Suppose 15*z - 10*z - 70 = 0. Let w(p) = -3 + 12*p + 35 + 5*p - z*p. Let y be w(-8). Calculate the highest common factor of 6 and y.
2
Suppose 0 = -5*t + 3*b - 368 + 4125, -2*t + 5*b = -1499. Calculate the highest common divisor of t and 64.
16
Let f be (14 - 1)/(96/640*10/42). What is the greatest common factor of f and 936?
52
Let r be (-52)/(-9) + -1*4/(-18). Let m be 4/6 + 74/r. Let h = m - -1. Calculate the greatest common factor of h and 2.
2
Let v(o) = -3*o**2 - 6*o + 15*o**2 - 75 + 74 + 0*o**2. Let b be v(-3). What is the highest common divisor of b and 10?
5
Let y(u) = 48*u - 97*u + 19*u**2 + 44*u - 4. Let b be y(-1). Calculate the highest common divisor of 10 and b.
10
Suppose 4*q - 650 = 7*k, -q + 4*k + 146 = 5*k. Calculate the greatest common divisor of 133 and q.
19
Let s = 256 + -183. Suppose -2*v + 59 = -s. Suppose 5*a - 19*q - 157 = -21*q, -49 = -a + 4*q. What is the highest common divisor of a and v?
33
Let f(o) = 2*o + 4. Let w = 70 + -84. Let v be f(w). Let m be ((-14)/v*4)/((-2)/(-24)). Calculate the highest common factor of m and 252.
28
Suppose -3*y = -5*y + 5*s + 276, -5*s = -10. What is the highest common factor of y and 208?
13
Suppose d = 4*m - 1, 4*m + 9 = 3*d + 4. Let g be 3*(-5)/m*(-8)/5. Calculate the highest common factor of g and 48.
24
Let l = 7 - -1. Suppose -5*f - 20 = 0, -4*f = y - 2*y + 12. Let m be -2 - (-12)/2 - y. Calculate the highest common divisor of l and m.
8
Let k(h) = -h - 1. Let o be k(0). Let r be 3*(11 + o + -1). Suppose 2*n + 